the remainder when 582 is divided by 36.
6
Calculate the remainder when 1107 is divided by 30.
27
What is the remainder when 1333 is divided by 269?
257
Calculate the remainder when 1088 is divided by 10.
8
What is the remainder when 733 is divided by 725?
8
What is the remainder when 7975 is divided by 133?
128
What is the remainder when 79 is divided by 43?
36
Calculate the remainder when 292 is divided by 50.
42
What is the remainder when 259 is divided by 69?
52
Calculate the remainder when 900 is divided by 41.
39
Calculate the remainder when 96 is divided by 33.
30
Calculate the remainder when 472 is divided by 95.
92
What is the remainder when 248 is divided by 84?
80
Calculate the remainder when 62 is divided by 7.
6
Calculate the remainder when 391 is divided by 24.
7
Calculate the remainder when 1302 is divided by 375.
177
What is the remainder when 9438 is divided by 16?
14
What is the remainder when 247 is divided by 10?
7
What is the remainder when 5496 is divided by 9?
6
Calculate the remainder when 73 is divided by 18.
1
What is the remainder when 488 is divided by 10?
8
Calculate the remainder when 4830 is divided by 151.
149
Calculate the remainder when 3549 is divided by 19.
15
What is the remainder when 308 is divided by 58?
18
Calculate the remainder when 26 is divided by 13.
0
What is the remainder when 8410 is divided by 122?
114
What is the remainder when 90 is divided by 64?
26
What is the remainder when 19 is divided by 2?
1
Calculate the remainder when 395 is divided by 36.
35
What is the remainder when 3431 is divided by 132?
131
What is the remainder when 25 is divided by 23?
2
What is the remainder when 141 is divided by 134?
7
What is the remainder when 394 is divided by 20?
14
Calculate the remainder when 500 is divided by 168.
164
What is the remainder when 411 is divided by 11?
4
Calculate the remainder when 123 is divided by 9.
6
What is the remainder when 2170 is divided by 107?
30
What is the remainder when 199 is divided by 40?
39
What is the remainder when 1198 is divided by 5?
3
Calculate the remainder when 380 is divided by 83.
48
What is the remainder when 777 is divided by 33?
18
What is the remainder when 876 is divided by 416?
44
Calculate the remainder when 83 is divided by 14.
13
What is the remainder when 709 is divided by 79?
77
What is the remainder when 446 is divided by 153?
140
What is the remainder when 1437 is divided by 458?
63
What is the remainder when 2163 is divided by 1078?
7
What is the remainder when 39 is divided by 36?
3
What is the remainder when 10878 is divided by 39?
36
What is the remainder when 127 is divided by 29?
11
What is the remainder when 1667 is divided by 51?
35
Calculate the remainder when 727 is divided by 181.
3
What is the remainder when 282 is divided by 41?
36
Calculate the remainder when 149 is divided by 19.
16
Calculate the remainder when 1697 is divided by 149.
58
Calculate the remainder when 539 is divided by 254.
31
Calculate the remainder when 747 is divided by 56.
19
What is the remainder when 126 is divided by 11?
5
What is the remainder when 711 is divided by 183?
162
Calculate the remainder when 4287 is divided by 110.
107
What is the remainder when 481 is divided by 13?
0
What is the remainder when 174 is divided by 34?
4
What is the remainder when 230 is divided by 122?
108
What is the remainder when 4836 is divided by 2412?
12
What is the remainder when 335 is divided by 11?
5
Calculate the remainder when 160 is divided by 18.
16
Calculate the remainder when 1187 is divided by 33.
32
Calculate the remainder when 70 is divided by 25.
20
Calculate the remainder when 1106 is divided by 277.
275
What is the remainder when 622 is divided by 79?
69
What is the remainder when 358 is divided by 64?
38
Calculate the remainder when 280 is divided by 120.
40
Calculate the remainder when 1238 is divided by 113.
108
What is the remainder when 11657 is divided by 10?
7
Calculate the remainder when 88 is divided by 84.
4
What is the remainder when 781 is divided by 85?
16
Calculate the remainder when 599 is divided by 15.
14
What is the remainder when 3417 is divided by 66?
51
Calculate the remainder when 526 is divided by 310.
216
Calculate the remainder when 1366 is divided by 31.
2
What is the remainder when 124 is divided by 52?
20
Calculate the remainder when 3626 is divided by 15.
11
Calculate the remainder when 1511 is divided by 18.
17
Calculate the remainder when 3917 is divided by 70.
67
What is the remainder when 185 is divided by 34?
15
What is the remainder when 552 is divided by 94?
82
Calculate the remainder when 2401 is divided by 172.
165
Calculate the remainder when 6755 is divided by 750.
5
Calculate the remainder when 29 is divided by 4.
1
Calculate the remainder when 176 is divided by 46.
38
Calculate the remainder when 3794 is divided by 26.
24
Calculate the remainder when 223 is divided by 110.
3
What is the remainder when 2003 is divided by 20?
3
What is the remainder when 1071 is divided by 320?
111
What is the remainder when 4675 is divided by 260?
255
Calculate the remainder when 376 is divided by 48.
40
Calculate the remainder when 662 is divided by 110.
2
What is the remainder when 83 is divided by 31?
21
What is the remainder when 472 is divided by 96?
88
Calculate the remainder when 287 is divided by 66.
23
Calculate the remainder when 15 is divided by 12.
3
Calculate the remainder when 317 is divided by 18.
11
What is the remainder when 103 is divided by 12?
7
Calculate the remainder when 74 is divided by 52.
22
Calculate the remainder when 1019 is divided by 506.
7
Calculate the remainder when 96 is divided by 5.
1
What is the remainder when 3520 is divided by 7?
6
What is the remainder when 512 is divided by 34?
2
What is the remainder when 82 is divided by 19?
6
Calculate the remainder when 785 is divided by 29.
2
What is the remainder when 86 is divided by 32?
22
What is the remainder when 649 is divided by 65?
64
Calculate the remainder when 620 is divided by 7.
4
Calculate the remainder when 74 is divided by 26.
22
What is the remainder when 240 is divided by 122?
118
What is the remainder when 229 is divided by 34?
25
What is the remainder when 206 is divided by 15?
11
Calculate the remainder when 1262 is divided by 3.
2
What is the remainder when 199 is divided by 62?
13
Calculate the remainder when 295 is divided by 30.
25
Calculate the remainder when 234 is divided by 31.
17
Calculate the remainder when 389 is divided by 28.
25
Calculate the remainder when 548 is divided by 16.
4
What is the remainder when 360 is divided by 39?
9
Calculate the remainder when 289 is divided by 73.
70
What is the remainder when 152 is divided by 57?
38
What is the remainder when 23 is divided by 18?
5
Calculate the remainder when 466 is divided by 103.
54
Calculate the remainder when 987 is divided by 226.
83
What is the remainder when 213 is divided by 22?
15
Calculate the remainder when 203 is divided by 39.
8
Calculate the remainder when 725 is divided by 121.
120
What is the remainder when 608 is divided by 47?
44
What is the remainder when 234 is divided by 59?
57
Calculate the remainder when 940 is divided by 234.
4
What is the remainder when 232 is divided by 39?
37
Calculate the remainder when 85 is divided by 10.
5
What is the remainder when 2511 is divided by 16?
15
Calculate the remainder when 184 is divided by 5.
4
Calculate the remainder when 827 is divided by 102.
11
Calculate the remainder when 84 is divided by 36.
12
Calculate the remainder when 8358 is divided by 36.
6
What is the remainder when 342 is divided by 69?
66
Calculate the remainder when 11975 is divided by 214.
205
What is the remainder when 918 is divided by 27?
0
Calculate the remainder when 33 is divided by 14.
5
What is the remainder when 154 is divided by 57?
40
What is the remainder when 30 is divided by 3?
0
What is the remainder when 62 is divided by 22?
18
Calculate the remainder when 65 is divided by 38.
27
Calculate the remainder when 1539 is divided by 6.
3
What is the remainder when 2338 is divided by 35?
28
Calculate the remainder when 176 is divided by 13.
7
Calculate the remainder when 131 is divided by 4.
3
What is the remainder when 615 